*x. Let g(a) = 5*n(a) - v(a). What is g(-10)?
17
Let p(h) = 8*h + 3. Let m(w) = -17*w - 3. Let y(r) = 3*m(r) + 7*p(r). Calculate y(-6).
-18
Suppose 6*d + 2*h = 3*d - 16, -5*h = 10. Let r(u) = -u**2 - 7*u - 5. Calculate r(d).
7
Let k(x) = x**3 - x**2 - 2. Let b(f) = 7*f**3 - 5*f**2 - f + 11. Let z(y) = b(y) - 6*k(y). What is z(0)?
23
Let o(u) = 24*u**2 - 15 + 15 - 18*u**2. Give o(1).
6
Let l = 15 - 13. Suppose 0 = -3*w - 4*g + 146 - l, 0 = -2*w + 4*g + 76. Suppose n - w = 5*s + 4*n, 50 = -5*s - 5*n. Let u(f) = -f - 8. Give u(s).
-1
Suppose 10*a = 33 - 453. Let u = a - -40. Let l(r) = -r - 4. Calculate l(u).
-2
Let x(r) be the first derivative of -r**2/2 + 5*r - 23. Let b(m) = -3*m + 1. Let u be b(-3). Let d be x(u). Let t(f) = -f**3 - 6*f**2 - 4*f - 4. What is t(d)?
-9
Let u(s) = 12 + 16 - 10*s**2 - 10*s - 40 + 11 - s**3. Determine u(-9).
8
Let j be (-3*4/9)/((-2)/6). Let h(p) = p**3 - p**2 - p - 1. Let z(o) = -3*o**3 + o**2 - 2*o + 10. Let c(y) = 4*h(y) + z(y). What is c(j)?
-2
Let d(t) = -t**2 + 2*t + 15. Let i(u) = u**2 - u - 13. Let h(f) = -3*d(f) - 4*i(f). Give h(-3).
4
Let x(w) = 3*w + 4. Let d(p) = -p**3 + 4*p**2 + 26*p - 38. Let a be d(7). Determine x(a).
-5
Let k = 10 - 9. Let s(d) = 1. Let r(h) = -3*h + 1. Let y(m) = k*r(m) - 5*s(m). Let v = -2 + -1. What is y(v)?
5
Let o(p) = 2*p**2 + 8*p - 7. Let c(l) = l**2 + l + 1. Let j(m) = c(m) - o(m). Give j(-10).
-22
Let y(z) = -2*z**2 - 6*z - 2. Suppose 2*x - 3*k = 6*x + 158, 10 = 5*k. Let c = x + 37. Give y(c).
-10
Let o be 27/(-6)*2/(-3). Let g(k) = -k**3 + k + 1. Let c(x) = 6*x**2 + 133 - 123 - 2*x**3 - 2*x**3. Let p(f) = o*g(f) - c(f). Give p(6).
11
Let o(w) = -19*w + 25 + 77*w**2 + 79*w**2 - 155*w**2. Give o(17).
-9
Let t(v) = 0 + 1 - 380*v - 385*v + 764*v. Determine t(10).
-9
Suppose 3*b - a - 2*a = 3, -3 = 2*b - 3*a. Let x(z) = 10 + b + 0*z**3 + 5*z**3 + z - 17. What is x(1)?
5
Let v(k) = k**3 - 11*k**2 - 2*k + 16. Let r be v(11). Let y be 20/r*(114/(-30) + 5). Let o(i) = i**2 + i + 3. Give o(y).
15
Let m(f) be the third derivative of f**5/60 - 7*f**4/6 + 29*f**3/6 + 4*f**2 - 25. Calculate m(27).
2
Let g(n) = -4*n + 10. Let v be g(4). Let i(b) = b + 14. Let r be i(v). Let w(x) = -x + 7. Determine w(r).
-1
Let w = -186 - -198. Let j(o) = -o**3 + 12*o**2 + 2*o - 18. What is j(w)?
6
Suppose 0 = -3*m - 5*q - 30, -5*q = -m - 3*m - 5. Let z(o) = -o**2 - 5*o + 4. Let l be z(m). Let h(j) = j - 7. What is h(l)?
-3
Let l be 12*((-8)/6 - -2). Let h(j) be the second derivative of j**5/20 - 2*j**4/3 - j**3/6 + j**2 + 508*j - 2. Calculate h(l).
-6
Let k(i) = 2*i**2 - 9*i - 13. Let v be 132/21 - (-12)/(-42). What is k(v)?
5
Suppose 2455 = 14*t + 2441. Let a(b) = -b**2 - b. Let v(r) = 11*r**2 + 7*r. Let f(q) = -6*a(q) - v(q). What is f(t)?
-6
Let l = 21 - 20. Let y(t) = -t**2 + t. Let n = 1 + -3. Let j(u) = 5*u**3 + 2*u**2 - 2*u. Let p(z) = n*y(z) - j(z). Calculate p(l).
-5
Let y(c) be the first derivative of -c**5/60 + c**4/8 + 9*c**3 + 17. Let r(j) be the third derivative of y(j). What is r(5)?
-7
Let i(b) = -23*b**2 + 24*b - 7. Let y(h) = 5*h**2 - 6*h + 2. Let s(c) = 2*i(c) + 9*y(c). Suppose o + 4*o = -30. What is s(o)?
4
Suppose -2*a + 20 = 5*u + 5, 2*a = u - 3. Let t(i) be the second derivative of i**3/6 - i**2 - 9*i. Give t(a).
-2
Let z(q) = 33*q - 1 - 16*q - 14*q - 14*q. Let b(u) = -16*u + 5. Let d(a) = 31*a - 9. Let v(t) = 11*b(t) + 6*d(t). Let c(n) = 5*v(n) + 4*z(n). Determine c(-1).
-5
Let q(s) = -s**3 - 17*s**2 - 14*s + 36. Let f be q(-16). Suppose -5*n + 43 = -f*l, -3*n = -4*n + 2*l + 11. Let v(x) = -1 + 0*x - 3 - x**2 + 8*x. Give v(n).
3
Let f be 4/((-24)/(-3))*(3 - 3). Let u(g) = -2*g**3 - 5*g**2 + 11 - 4*g - 14 + f*g. Give u(-3).
18
Let g(m) = -2*m + m**2 + 3*m - 6 - m + 9. Calculate g(0).
3
Let s(n) = -2*n. Let x be 42/15 - (-5)/25. Let v be 2/1 + (6 - x). Give s(v).
-10
Let b be 2/(-5) - 33/5. Suppose 0 = 3*i - 5 - 28. Let k = i + b. Let c(g) = -g**3 + 4*g**2 - 2*g + 2. Determine c(k).
-6
Let l be -4*(-12)/(-3 - 3). Let f(r) = r**2 + 8*r + 6. Give f(l).
6
Let c(v) = v**3 - 6*v**2 + 5*v - 2. Let t(h) = 15*h**2 - 2*h - 2. Let j be t(-2). Let w = 67 - j. What is c(w)?
-2
Let v be (4 - 1)/(3/(-3)). Let t(o) be the first derivative of -o**3/3 - o**2/2 + o - 119. Determine t(v).
-5
Let a = 14 - 18. Let o = 1 - a. Let m(q) = -o*q - 1 + 2 - 2*q - q**3 - 5*q**2 + 3*q. Calculate m(-3).
-5
Let l(d) = 3*d**3 + d**2 + d. Let y(k) = k**2 + 24*k + 43. Suppose u - 2*w - 52 = 3*u, -3*w - 56 = 2*u. Let i be y(u). Determine l(i).
-3
Suppose 121*z - 117*z + 28 = 0. Let l(f) = 8*f + 59. Calculate l(z).
3
Let m(n) = -n + 3. Suppose -2*f = -6*f + 20. Suppose -5*k - f - 5 = 0. Let w be m(k). Let y(z) = -z**3 + 5*z**2 + 4. Give y(w).
4
Let j(m) = -m**3 + m**2 + 3*m - 4. Let o = 3 - 10. Let y be ((-3)/o)/((-9)/(-63)). Give j(y).
-13
Let z(r) = -r**2 + 5*r - 5. Let h = 1736 + -1733. What is z(h)?
1
Let l(r) = -r**2 + 11*r + 25. Let d(j) = 4*j + 201. Let i be d(-47). Determine l(i).
-1
Let w(m) = 4*m**3 + 4*m**2 + 13*m + 12. Let o(t) be the first derivative of 5*t**4/4 + t**3 + 7*t**2 + 13*t + 23. Let c(f) = 3*o(f) - 4*w(f). Give c(-6).
15
Suppose 4*x = x - 33. Let r be x + 8 + 8 + 0. Let d(o) = 3*o + 2 - 5 + r*o**2 - 2*o**2 - o**3. What is d(3)?
6
Let s(u) = -u**3 + 16*u**2 - 14*u - 10. Suppose -3*v + 2*v + 15 = 0. Determine s(v).
5
Let m(v) = -v**3 - 8*v**2 - 6*v + 10. Let q(p) = 7*p - 32*p**3 + 68*p**3 - 37*p**3 + 7 + 7*p**2. Let a be q(8). Let z be a*2*84/24. What is m(z)?
3
Let o(x) = -3*x**2 + 26*x + 18. Let u(q) = 2*q - 30. Let r be u(13). Let y(f) = f**2 - 9*f - 6. Let s(j) = r*o(j) - 11*y(j). Determine s(7).
8
Let p(y) = 3 + 1 - 7 - 4. Suppose 4*h = 3*d - 0*h + 19, 2*d - 4*h + 14 = 0. Let w(a) = a + 8. Let n(k) = d*p(k) - 4*w(k). Give n(2).
-5
Suppose 4*y - 12 = 6*y. Let x(p) be the third derivative of -6*p**2 + 0 + 0*p - 1/60*p**5 - 7/6*p**3 - 1/3*p**4. Calculate x(y).
5
Suppose u - 4*z = 6, -u + z + 10 = -5*u. Let m = -69 + 80. Let y(f) = 1 + 12*f - 36*f + m*f + 15*f. Determine y(u).
-3
Let h(y) = -6*y**2 + 232*y + 82. Let l be h(39). Let z be ((-2)/(-4))/((-1)/(-2)). Let k(m) = z + 3*m - 1. Determine k(l).
12
Suppose 0*k - 5*k = 3*m + 1, -2*m = 2*k - 2. Let r(d) = d**3 - 2*d**2 + 3*d - 1. Let u be r(2). Let f(o) = 5 + 3*o + u*o - 3 - 5*o. What is f(m)?
11
Let t(i) = -5*i**3 - 8*i**2 + 8*i + 5. Let u(d) = 2*d**3 + 3*d**2 - 3*d - 2. Let r = -57 - -65. Let q(x) = r*u(x) + 3*t(x). Determine q(-1).
-2
Let s(k) be the first derivative of 3*k**2/2 - k - 1. Suppose 2 = a - 0, 0 = -y - 5*a + 13. Suppose 0 = y*r + r + 4. What is s(r)?
-4
Let n(o) = o**3 + o**2 - 5*o - 3. Suppose 0 = 171*q - 172*q - 3. Determine n(q).
-6
Let b(o) be the first derivative of -o**4/4 + 10*o**3/3 + 9*o**2/2 + 12*o + 66. Determine b(11).
-10
Let c be (3/(-9))/(2*2/(-12)). Let y(l) = -l + 2*l + 2*l**2 - 6*l**2 + 3*l**2. Determine y(c).
0
Let w(m) = -m**3 - m**2 + 4*m - 1. Let i(o) = -4*o + 13. Let s be i(4). Let n be w(s). Let y(f) = f**3 - 5*f**2 + f + 1. Give y(n).
6
Let y(t) = 2*t**2 + 6*t + 5. Let r = -1950 - -1947. Determine y(r).
5
Let d(x) = 96 + 2*x**2 + x**2 - 100 - x. Determine d(-2).
10
Let u(i) = 4*i. Let b = -264 + 262. Give u(b).
-8
Let b(q) be the first derivative of 1/2*q**2 + 3 + 1/3*q**3 - 3*q. Suppose -j - 2 - 2 = 0. Give b(j).
9
Suppose 0 = 3*o + q - 58, -3*q + 2 = -4*q. Suppose -t = o - 14. Let s(p) = p**2 + 7*p + 1. Calculate s(t).
-5
Let r(u) = u + 7. Let z be -3*-10*4/6. Suppose -2*m - 141 = -49. Let o be m/10 + (-8)/z. What is r(o)?
2
Suppose 2*s - 4 - 4 = 0. Let a(l) = 4 + 6 - 5 + 1 + s*l. Let v(x) = 3*x + 5. Let g(o) = 2*a(o) - 3*v(o). Give g(3).
-6
Let o be (-26)/5 - 25/(-125). Let i(t) = -t**3 - 3*t**2 + 8*t - 7. What is i(o)?
3
Let r(z) = z**2 - 4*z + 6. Let t(y) = -4*y + 48 + 2*y**2 - 35 - 4*y. Let w(o) = -7*r(o) + 3*t(o). Suppose 17*g = 14 + 20. Calculate w(g).
1
Suppose 3*d - 4 = 2. Let o(n) be the second derivative of 0*n**4 - 1/20*n**5 + 0 + 3/2*n**2 - 6*n - 1/2*n**3. Calculate o(d).
-11
Let l(g) = 8*g - 1. Suppose 0 = -3*q - 29 - 28. Let c = q - -39. Suppose -5*t - 5*o + c = 0, -t - 4*o + 5 = -14. Determine l(t).
-9
Suppose -3 = 20*d + 37. Let c(x) = -4*x + 2*x - 3 + x - 3*x. Calculate c(d).
5
Let y(a) = 3*a**3 - a**2 - 6*a + 10. Let l(t) = 4*t**3 - t**2 - 9*t + 12. Let j(h) = 2*l(h) - 3*y(h)